he prime factors of 31041407.
337, 92111
What are the prime factors of 3352849873?
3352849873
List the prime factors of 23992668.
2, 3, 7, 19, 5011
List the prime factors of 235480157.
11, 1946117
List the prime factors of 45147844.
2, 7, 37, 43579
What are the prime factors of 1292156828?
2, 29, 181, 61543
What are the prime factors of 5333813191?
7, 137, 5561849
What are the prime factors of 1984299512?
2, 13, 97, 196699
List the prime factors of 39841593.
3, 11, 839, 1439
What are the prime factors of 1650445075?
5, 66017803
What are the prime factors of 66738101?
66738101
List the prime factors of 47882673.
3, 5320297
List the prime factors of 76742066.
2, 5591, 6863
What are the prime factors of 7082706617?
7, 17, 31, 157, 1747
List the prime factors of 42943280.
2, 5, 536791
What are the prime factors of 37080909?
3, 457789
What are the prime factors of 1488543656?
2, 101, 1291, 1427
List the prime factors of 28136949.
3, 9378983
List the prime factors of 1271483957.
571, 2226767
List the prime factors of 314734324.
2, 541, 145441
What are the prime factors of 223033504?
2, 601, 11597
What are the prime factors of 2054275736?
2, 256784467
What are the prime factors of 45983321?
45983321
List the prime factors of 115025709.
3, 38341903
What are the prime factors of 2075864643?
3, 230651627
What are the prime factors of 585514836?
2, 3, 3067, 5303
What are the prime factors of 1902981706?
2, 37, 25715969
What are the prime factors of 537193102?
2, 5197, 51683
What are the prime factors of 5029509?
3, 19, 88237
List the prime factors of 53870502.
2, 3, 7, 97, 1889
What are the prime factors of 123389879?
123389879
What are the prime factors of 966517102?
2, 2713, 178127
List the prime factors of 111389163.
3, 101, 367621
List the prime factors of 116110217.
1283, 90499
What are the prime factors of 142880293?
4441, 32173
What are the prime factors of 110871824?
2, 7, 17, 58231
List the prime factors of 36746943.
3, 89, 229, 601
List the prime factors of 366311534.
2, 183155767
List the prime factors of 563280832.
2, 61, 157, 919
List the prime factors of 474956224.
2, 19, 619, 631
What are the prime factors of 526084367?
526084367
What are the prime factors of 259848746?
2, 2939, 44207
List the prime factors of 214147616.
2, 181, 36973
What are the prime factors of 162773003?
2161, 75323
List the prime factors of 16506742.
2, 7, 29, 109, 373
What are the prime factors of 158321231?
367, 641, 673
List the prime factors of 97781485.
5, 19556297
What are the prime factors of 100945018?
2, 50472509
What are the prime factors of 44769093?
3, 461, 32371
What are the prime factors of 3030925482?
2, 3, 13, 3137, 4129
What are the prime factors of 1482916715?
5, 7, 17, 367, 6791
List the prime factors of 1146086287.
509, 2251643
List the prime factors of 529173335.
5, 9931, 10657
What are the prime factors of 31639005?
3, 5, 78121
List the prime factors of 16996590.
2, 3, 5, 13, 73, 199
What are the prime factors of 1442721121?
31, 46539391
What are the prime factors of 281793913?
281793913
List the prime factors of 43082426.
2, 21541213
What are the prime factors of 105245663?
105245663
List the prime factors of 2950993457.
101, 29217757
What are the prime factors of 92628596?
2, 23157149
List the prime factors of 284170423.
373, 829, 919
List the prime factors of 26832275.
5, 19, 56489
List the prime factors of 28703299.
443, 64793
List the prime factors of 501448496.
2, 103, 137, 2221
List the prime factors of 100416395.
5, 43, 199, 2347
What are the prime factors of 392809653?
3, 227, 192271
List the prime factors of 886760619.
3, 59, 5009947
List the prime factors of 22951094.
2, 151, 75997
List the prime factors of 77321323.
1303, 59341
What are the prime factors of 3098717908?
2, 11, 13, 17, 223, 1429
What are the prime factors of 311709426?
2, 3, 7, 1193, 6221
What are the prime factors of 212351729?
109, 1948181
What are the prime factors of 1608191501?
7, 131, 1753753
List the prime factors of 156273134.
2, 78136567
List the prime factors of 25042339.
7, 71, 50387
What are the prime factors of 845942846?
2, 7, 60424489
What are the prime factors of 30130253?
23, 56957
What are the prime factors of 987890386?
2, 7, 4783, 14753
List the prime factors of 5790346491.
3, 139, 13885723
What are the prime factors of 219189045?
3, 5, 14612603
What are the prime factors of 226648932?
2, 3, 109, 241, 719
List the prime factors of 3322543004.
2, 11, 199, 379459
List the prime factors of 239353446.
2, 3, 797, 50053
What are the prime factors of 104081591?
1801, 57791
List the prime factors of 34969893.
3, 7, 1665233
What are the prime factors of 104018159?
7, 2459, 6043
List the prime factors of 2688295350.
2, 3, 5, 13, 1378613
List the prime factors of 213596136.
2, 3, 13, 29, 43, 61
What are the prime factors of 35564571?
3, 7, 47, 12011
List the prime factors of 57622873.
7, 11, 106907
What are the prime factors of 36664003?
37, 109, 9091
List the prime factors of 5525752.
2, 690719
What are the prime factors of 50507530?
2, 5, 1093, 4621
List the prime factors of 141059550.
2, 3, 5, 487, 1931
List the prime factors of 15718603.
59, 266417
What are the prime factors of 255047282?
2, 7, 18217663
List the prime factors of 40456116.
2, 3, 31, 36251
What are the prime factors of 711702036?
2, 3, 19769501
List the prime factors of 2145967292.
2, 7, 37, 2071397
List the prime factors of 185175889.
185175889
What are the prime factors of 200018389?
457, 437677
What are the prime factors of 94738579?
13, 19, 383557
What are the prime factors of 663920989?
43, 15440023
List the prime factors of 564134829.
3, 3331, 56453
What are the prime factors of 181891395?
3, 5, 7, 59, 9787
List the prime factors of 470754557.
7, 13, 1277, 4051
List the prime factors of 1164946345.
5, 71, 271, 12109
List the prime factors of 808006164.
2, 3, 7, 2957, 3253
List the prime factors of 1768473730.
2, 5, 113, 127, 12323
List the prime factors of 6599538648.
2, 3, 91660259
List the prime factors of 386581815.
3, 5, 23, 47, 883
List the prime factors of 3453600322.
2, 19, 31, 89, 32941
List the prime factors of 4865284438.
2, 7, 19, 23, 37, 21493
List the prime factors of 4974767028.
2, 3, 7, 11, 1794649
List the prime factors of 7703669289.
3, 17, 23, 739, 8887
List the prime factors of 5133676557.
3, 19, 90064501
List the prime factors of 529232980.
2, 5, 26461649
List the prime factors of 58443730.
2, 5, 491, 11903
List the prime factors of 927603745.
5, 9461, 19609
List the prime factors of 5232043818.
2, 3, 23, 71, 109
What are the prime factors of 456883176?
2, 3, 233, 81703
List the prime factors of 474488032.
2, 3169, 4679
List the prime factors of 1403734345.
5, 13, 19, 1136627
List the prime factors of 37649566.
2, 61, 113, 2731
What are the prime factors of 34396935?
3, 5, 19, 120691
What are the prime factors of 365068840?
2, 5, 223, 40927
List the prime factors of 16688643.
3, 5562881
What are the prime factors of 36491400?
2, 3, 5, 11, 19, 97
What are the prime factors of 5436395933?
179, 30370927
List the prime factors of 1023056815.
5, 11, 1691003
List the prime factors of 2561937632.
2, 80060551
What are the prime factors of 438062051?
7, 7603, 8231
What are the prime factors of 60697526?
2, 211, 143833
List the prime factors of 742737602.
2, 371368801
List the prime factors of 57784868.
2, 31, 641, 727
What are the prime factors of 4772259?
3, 530251
List the prime factors of 171663633.
3, 197, 96821
List the prime factors of 113938988.
2, 28484747
What are the prime factors of 4354586052?
2, 3, 1583, 229237
What are the prime factors of 69742306?
2, 71, 79, 6217
What are the prime factors of 208788106?
2, 179, 583207
List the prime factors of 69981373.
7, 11, 908849
List the prime factors of 111195093.
3, 157, 307, 769
What are the prime factors of 482897746?
2, 241448873
List the prime factors of 3808305728.
2, 17, 67, 89, 587
List the prime factors of 220410638.
2, 7, 2243, 7019
What are the prime factors of 6366323?
149, 42727
What are the prime factors of 844625033?
7, 120660719
List the prime factors of 95409396.
2, 3, 131, 20231
What are the prime factors of 72862559?
7, 11, 135181
What are the prime factors of 108735842?
2, 17, 3198113
What are th